 List the prime factors of b(-20).
2, 3, 17, 29
What are the prime factors of 25 + -14 - 5 - 50064/(-1)?
2, 3, 5, 1669
What are the prime factors of (10/2)/((-11)/(-17 + -28814))?
5, 2621
Let w = -48 + 0. Let n = w - -42. List the prime factors of (-16)/n*(-4)/4*-18.
2, 3
Suppose 313*w = 2221195 + 1362029. What are the prime factors of w?
2, 3, 53
Let y be (8/2)/(-8)*0. Suppose 0 = 4*t + t - 25. Suppose 4*i - 303 + 37 = -3*c, 2*c + t*i - 182 = y. List the prime factors of c.
2, 43
Suppose 0 = -2*b + 2, 6*m - 8*m - 3 = 5*b. Let r be (-20488)/(-26)*2/m. List the prime factors of r*(-2)/4 - -3.
2, 5
Let g be (-33)/(-66)*(-1 - 239/1). Let h = 260 - 82. Let k = h + g. What are the prime factors of k?
2, 29
Let f(s) = -423*s - 1383. List the prime factors of f(-6).
3, 5, 7, 11
Let u(p) = -10*p + 62. Let n be u(6). Let l(h) = 168*h**2 + 6*h - 10. List the prime factors of l(n).
2, 337
List the prime factors of 45827 - (200/(-8) - -23).
7, 6547
Suppose -2*s + 3*r = -2572, 11*r - 14*r - 5138 = -4*s. Suppose -3*o + s = 5*v, 5*o + 6*v - v = 2125. What are the prime factors of o?
421
Suppose 3*x + 5988 = 5*d, 2*x + 1206 = 5*d - 4*d. What are the prime factors of d?
2, 3, 199
Let m(b) = 162*b + 212. List the prime factors of m(81).
2, 59, 113
Let u(f) = -f**3 - 32*f**2 + 14*f - 26. Let d = -53 + 20. What are the prime factors of u(d)?
601
Suppose 670*x - 750*x = -1871200. List the prime factors of x.
2, 5, 2339
Suppose -4*b = -4*m + 37012, 4*m - 37904 = 5*b - 893. What are the prime factors of m?
2, 7, 661
Suppose -44 = 41*n - 52*n. Suppose 0 = n*v + t - 3668, 4*t + 4564 = -38*v + 43*v. What are the prime factors of v?
2, 229
Suppose 155*f - 138771 = 194774 + 219185. List the prime factors of f.
2, 1783
Let v be (-4)/6*(-273)/14. Let t(m) = 2*m - 24. Let s be t(v). Suppose -s*n + 13 = -93. List the prime factors of n.
53
Let d be (112/12)/14 + 13/3. Let n be 348 + 5 + -7 + d. Let s = -117 + n. List the prime factors of s.
2, 3, 13
Suppose -3*u + 15 = 3*t, 0 = -4*u + u + 3. Suppose 0 = -4*o + 5*o - 4*a - 19, -t*o - 2*a - 14 = 0. What are the prime factors of 190 + 1/1 + o?
2, 5, 19
Let a(z) = -z**2 - 75*z - 826. Let q be a(-64). Let g = 468 + -248. Let s = g + q. List the prime factors of s.
2, 7
Let i = 211 - -1446. What are the prime factors of i?
1657
Let j = -59 - -188. Let b = j - -73. List the prime factors of b - -9*(40/12 + -3).
5, 41
Suppose -15*u + 19*u = 22*u - 588600. What are the prime factors of u?
2, 3, 5, 109
Let g be (-4)/(-6 + 2) + -13. Let w be 9/g - (-2)/(-8). Let h = w + 37. What are the prime factors of h?
2, 3
Let v = -1967 - -805. List the prime factors of (-6)/(-6) - v/2.
2, 3, 97
Let h(u) = 416*u**2 + 21*u - 248. What are the prime factors of h(6)?
2, 7, 1061
Let n(u) be the second derivative of 0*u**4 - 2*u + 1/20*u**5 + 0 + 1/6*u**3 + 65*u**2. List the prime factors of n(0).
2, 5, 13
Let w = -60 - -58. List the prime factors of 610/(w + (-16)/((-8)/2)).
5, 61
Let i(g) be the second derivative of g**3/3 - 3*g**2/2 + 7*g. Let d be i(11). Let x = 13 + d. What are the prime factors of x?
2
Let g = 3099 + 6295. List the prime factors of g.
2, 7, 11, 61
Suppose 3*z - 241 = -5*k, -3*k + 62 = z - 25. Let w = 35 + z. What are the prime factors of w?
107
Let c(w) = -379*w + 829. List the prime factors of c(-16).
61, 113
Let p = 88 - 61. Let v(f) = f**2 - 16*f - 112. What are the prime factors of v(p)?
5, 37
Let n = 195 - 194. List the prime factors of (-2448)/(-170) - ((-8)/5 + n).
3, 5
Suppose -b = -2*v + 7, -b + 5*b = 2*v + 2. Suppose 2 = -b*f - 13, -5*m + 5*f = -40. Let p = 77 - m. List the prime factors of p.
2, 37
Let q be (-4 - -100)/(2 + 2 - 3). Suppose 0*k - 111 = 2*h + 5*k, -3*k + 235 = -4*h. Let l = q + h. List the prime factors of l.
2, 19
Let h be (-4)/(-30)*-114*10/(-4). Let g = h + -36. Suppose 0 = 5*u + 5*i - 655 + 25, 0 = g*u - 5*i - 273. What are the prime factors of u?
3, 43
Let f(n) = 16*n - 58. Let s be f(4). List the prime factors of (-1427)/(-3) + -10 + 2/s.
2, 233
Let t(v) = -13*v**2 + 41*v + 34. Let b be t(11). Let m = b - -1974. List the prime factors of m.
2, 443
Let c(v) = -v**3 - 3*v**2 + 7*v - 11. Let q be c(-5). Suppose -s + 0*s - m = -301, q*m + 1236 = 4*s. List the prime factors of s.
5, 61
Suppose 341*f + 19388 = 345*f. What are the prime factors of f?
37, 131
Suppose -292841 = -98*o + 208919. What are the prime factors of o?
2, 5
List the prime factors of 4559042/62 - 52/(-806).
3, 127, 193
Let m be 1122 + (-15)/(-10)*-2. Let s = m + -641. Let o = s - 286. List the prime factors of o.
2, 3
Let i = 332 - 320. Suppose i*p = -15*p + 20817. List the prime factors of p.
3, 257
Suppose 0 = -8*f - 5*f + 585. Suppose -f*h = -36*h - 3726. What are the prime factors of h?
2, 3, 23
Suppose -9*t + 14 = -31. Suppose -t*z + 647 = -3198. List the prime factors of z.
769
Let u = -92 + 95. Suppose -d - d = -m - 3, -4*m = -3*d - u. Suppose -2*t - 542 = -4*i, -t + 401 = 3*i + m*t. List the prime factors of i.
3, 5
Let n(z) = 2148*z + 628. What are the prime factors of n(10)?
2, 5527
Let f(o) = -12*o + 105. Let j be f(6). Suppose -j*i + 12024 = -24*i. List the prime factors of i.
2, 167
Let u(j) = 11*j**3 + 13*j**2 + 22*j - 1038. What are the prime factors of u(19)?
2, 39761
Suppose 16473801 = 11*l + 280*l. What are the prime factors of l?
56611
Suppose 0 = -3*n + 5*o - 14, -n - 14 = -0*o - 4*o. Suppose 0 = 3*j - n*j - 4*t - 149, -j - 4*t + 109 = 0. List the prime factors of j.
3, 43
Suppose -3*f + 4*y = 43, 7*f = 4*f + 5*y - 38. Let s be (-7)/49 - 3/f. Suppose 0 = -s*d - d - 5*m + 146, d = 5*m + 106. List the prime factors of d.
2, 3, 7
Let x(h) = -2*h**2 - 174*h + 202. What are the prime factors of x(-48)?
2, 1973
Let o(n) = 538*n + 3580. List the prime factors of o(42).
2, 409
Let v = -10371 - -22035. List the prime factors of v.
2, 3
Suppose 6 - 3 = -3*b, -2*r - 3532 = -2*b. Let y = 3099 + r. List the prime factors of y.
2, 3, 37
Let s(z) = -z**2 + 17*z - 33. Let c be s(15). Let i(f) = -143*f - 5. Let p be i(c). Suppose 4*a + 121 = b, -a = 4*b + 3*a - p. What are the prime factors of b?
109
Let y = -67 + 64. Let r be 4/3*(27/(-2))/y. Let t(l) = l**3 - 8*l + 3. What are the prime factors of t(r)?
3, 19
Let b be 362/(-3) + 15/9. Let u be 6/(-3) - 440/(-2). Let p = u + b. List the prime factors of p.
3, 11
Let p(i) = i**3 - 9*i**2 + 3*i - 27. Let u be p(9). What are the prime factors of (u + 16/3)*297/4?
2, 3, 11
Let j be (-24)/(-48)*(-1 - -19). What are the prime factors of j*(80/15 - 4)?
2, 3
Let a = -29 + 78. Let i = 52 - a. Suppose 0 = -5*o - i*k + 512, -o - 2*k + 101 = -0*o. What are the prime factors of o?
103
Let c = 20182 - 11477. What are the prime factors of c?
5, 1741
Suppose -7*v + 72 = 16. Suppose 5 = -v*c + 37. Suppose 0 = c*g + 3*w - 117, 0 = 4*g - w + 3*w - 114. List the prime factors of g.
3
Suppose 97 = -2*n + 111. Let z(m) = -m - 20 + n - 13*m + 41. List the prime factors of z(-9).
2, 7, 11
Let u(c) = c**3 + 14*c**2 - 7*c - 17. Let v be u(-6). Let r = v - -98. What are the prime factors of r?
3, 137
Suppose m = -t - m - 43, 5*m - 85 = 3*t. Let c be 21/t - (-26)/10. Suppose -c*n + 246 = 3*u - 11, 3*u - 260 = -5*n. What are the prime factors of u?
5, 17
Let k be -926*(-7)/(-70) - 4/10. Suppose -6*w + 8*w = 462. Let q = k + w. List the prime factors of q.
2, 3, 23
Let f(y) = y**3 - y**2 + y + 2. Let z be f(-1). Let l be ((-1530)/(-72))/(z/(-4)). Suppose -502 = -87*h + l*h. What are the prime factors of h?
251
Let w = 237 - 228. What are the prime factors of w/(-108)*4 + 1982/6?
2, 3, 5, 11
Let c(f) = -2*f**3 + 3*f**2 + 3*f - 6. Let a be c(2). Let y be 378/(-45)*(-1 + a). List the prime factors of (1 + y)*16/8.
2, 43
Suppose 3*k = -4*x + 2*k + 515, -3*x + 4*k + 391 = 0. Suppose -n = 4*d + x, -47 = 5*d - n + 121. Let a = d - -64. What are the prime factors of a?
31
Let v(r) = r**3 - r**2 + 4*r - 9. Let j be v(5). Let m = j + -259. Let z = -61 - m. List the prime factors of z.
3, 29
Let f be (-177 - 19)*(-4)/((-16)/30). Let a = f + 2837. What are the prime factors of a?
1367
Let g be 4/22 - 81204/132. Suppose 26*l - 25*l = 1. What are the prime factors of ((5/(-3))/5)/(l/g)?
5, 41
Let p = 5 + -1. Let n be (2/2)/(7/((-47600)/(-10))). Suppose 3*u = 5*h - n, h = -p*h - u + 700. What are the prime factors of h?